{"id":2161,"date":"2023-06-27T17:52:26","date_gmt":"2023-06-27T15:52:26","guid":{"rendered":"https:\/\/groupedeja.com\/?page_id=2161"},"modified":"2025-11-12T15:19:26","modified_gmt":"2025-11-12T14:19:26","slug":"touslesjours","status":"publish","type":"page","link":"https:\/\/groupedeja.com\/index.php\/touslesjours\/","title":{"rendered":"Tous les jours"},"content":{"rendered":"\n<h1>\n\t\t\tTous les jours\t<\/h1>\n<h2>\n\t\t\tTous les jours\t<\/h2>\n\t<h3>Proc\u00e8s du harc\u00e8lement scolaire pour 2 com\u00e9diens et 19 sweats \u00e0 capuche<\/h3>\n<p>Et si nous pouvions juger <strong>le harc\u00e8lement scolaire<\/strong> dans un tribunal ? Imaginons un <strong>proc\u00e8s<\/strong>, historique, o\u00f9 le harc\u00e8lement scolaire, en personne, compara\u00eet devant ses victimes : les enfants, adolescents et adultes de diff\u00e9rents <strong>\u00e9tablissements scolaires<\/strong>. Cet \u00ab\u00a0individu\u00a0\u00bb dangereux aux multiples facettes m\u00e9rite un jugement spectaculaire. 2 com\u00e9diens, 19 personnages et autant de sweats \u00e0 capuche ne seront pas de trop pour mener \u00e0 bien cet incroyable proc\u00e8s.<\/p>\n<p>&nbsp;<\/p>\n\t\t\t\t<img decoding=\"async\" src=\"https:\/\/groupedeja.com\/wp-content\/uploads\/2023\/05\/PAZI8579.jpg\" alt=\"PAZI8579\" itemprop=\"image\" title=\"PAZI8579\" onerror=\"this.style.display='none'\" loading=\"lazy\" \/>\n\t\t\t\t<img decoding=\"async\" src=\"https:\/\/groupedeja.com\/wp-content\/uploads\/2025\/10\/Capture-decran-2025-10-30-a-10.42.38.png\" alt=\"Tous les jours\" itemprop=\"image\" height=\"1386\" width=\"1386\" title=\"Tous les jours - Groupe D\u00e9j\u00e0\" onerror=\"this.style.display='none'\" loading=\"lazy\" \/>\n\t<h3>L&rsquo;\u00e9quipe<\/h3>\n\t<b>Auteurs : <\/b>S\u00e9bastian Lazennec et Antoine Meunier<br \/>\n<strong>Com\u00e9diens (en alternance) :<\/strong> S\u00e9bastian Lazennec et\u00a0 Antoine Meunier, Valentin Orain et Maxime Pichon<strong><br \/>\nRegard ext\u00e9rieur :<\/strong> Marie Dissais<br \/>\n<strong>Cr\u00e9ation sonore<\/strong> <strong>:<\/strong> Julien Leguay<br \/>\n<strong>Cr\u00e9ation lumi\u00e8re<\/strong> <strong>:<\/strong> Simon Rutten<br \/>\n<strong>Construction d\u00e9cor :<\/strong> Vincent Jarry\n<p><strong>Voix :<\/strong> Lola Ba\u00ef, Aur\u00e9lien Jarry, Florian Laze, Didier Bardoux, Lois Husson, Jean-Fran\u00e7ois Cochet, Sofia Leguay, Z\u00e9lie Lazennec, Emilie M\u00e9tris, Marc Bourasseau, Samuel Giglio, C\u00e9cile Genoud, Caroline Lebois, Julien Leguay, Julie Moquet, Fr\u00e9d\u00e9rique Leguillon, Sophie Loysance<\/p>\n\t<h3>Version \u00ab\u00a0plateau\u00a0\u00bb<\/h3>\n\t<iframe loading=\"lazy\" width=\"560\" height=\"315\" src=\"https:\/\/www.youtube.com\/embed\/qW86hLreG0M?si=zTn3-RK7u5Hvesb-\" title=\"YouTube video player\" frameborder=\"0\" allow=\"accelerometer; autoplay; clipboard-write; encrypted-media; gyroscope; picture-in-picture; web-share\" referrerpolicy=\"strict-origin-when-cross-origin\" allowfullscreen><\/iframe>\n\t<h3>Version \u00ab\u00a0hors les murs\u00a0\u00bb<\/h3>\n\t<p><iframe loading=\"lazy\" title=\"&quot;Tous les jours&quot; \/\/ Teaser version hors les murs \/\/ Groupe D\u00e9j\u00e0\" width=\"500\" height=\"281\" src=\"https:\/\/www.youtube.com\/embed\/8T_aDASs6xA?feature=oembed\" frameborder=\"0\" allow=\"accelerometer; autoplay; clipboard-write; encrypted-media; gyroscope; picture-in-picture; web-share\" referrerpolicy=\"strict-origin-when-cross-origin\" allowfullscreen><\/iframe><\/p>\n<h3>\n\t\t\tT\u00e9l\u00e9chargez le dossier artistique de \u00ab\u00a0Tous les jours\u00a0\u00bb\t<\/h3>\n<h3>\n\t\t\tDossier p\u00e9dagogique disponible sur demande\t<\/h3>\n\t<h3>Soutiens financiers et accueils en r\u00e9sidence de \u00ab\u00a0Tous les jours\u00a0\u00bb<\/h3>\n\t<em>\u00ab\u00a0Tous les jours\u00a0\u00bb a re\u00e7u le soutien de la Ville du Mans \/ Culture Le Mans et des Quinconces et l&rsquo;Espal Sc\u00e8ne nationale du Mans.<\/em><br \/>\n<em>Accueil en r\u00e9sidence aux Quinconces et L&rsquo;Espal Sc\u00e8ne nationale du Mans, Th\u00e9\u00e2tre de Chaou\u00e9 \u00e0 Allonnes (72), \u00e0 Saint-Cl\u00e9ment-de-la-Place (49), au Chapitre \u00e0 l&rsquo;Abbaye Royale de l&rsquo;Epau (Dispositif Plateau libre de Sarthe Culture et du D\u00e9partement de la Sarthe) et au Th\u00e9\u00e2tre Paul Scarron au Mans (72)<\/em>\n\t<h3>Photo de la version \u00ab\u00a0plateau\u00a0\u00bb<br \/>\n<\/h3>\n\t<h3>Photos de la version \u00ab\u00a0hors les murs\u00a0\u00bb<br \/>\n<\/h3>\n\t\t<iframe loading=\"lazy\" title=\"Reportage &quot;Tous les jours&quot; de Groupe D\u00e9j\u00e0 - France 3\" width=\"500\" height=\"281\" src=\"https:\/\/www.youtube.com\/embed\/quLEPtF6kz4?feature=oembed\" frameborder=\"0\" allow=\"accelerometer; autoplay; clipboard-write; encrypted-media; gyroscope; picture-in-picture; web-share\" referrerpolicy=\"strict-origin-when-cross-origin\" allowfullscreen><\/iframe>\t\n<h3>\n\t\t\t\u00ab\u00a0Tous les jours\u00a0\u00bb a d\u00e9j\u00e0 \u00e9t\u00e9 jou\u00e9 plus de 200 fois en version hors les murs\t<\/h3>\n<h4>\n\t\t\tDans les coll\u00e8ges, lyc\u00e9es g\u00e9n\u00e9raux, technologiques et professionnels, les CFA&#8230;\t<\/h4>\n\t<table role=\"presentation\" border=\"0\" width=\"100%\" cellspacing=\"0\" cellpadding=\"0\">\n<tbody>\n<tr>\n<td align=\"left\">\n\n<\/td>\n<\/tr>\n<tr>\n<td align=\"left\">\n<table role=\"presentation\" border=\"0\" width=\"100%\" cellspacing=\"0\" cellpadding=\"0\">\n<tbody>\n<tr>\n<td align=\"center\" valign=\"top\"><strong>Essonne (91) <\/strong>: Ris Orangis<strong>\n<p>Sarthe (72) : <\/p><\/strong>Arnage, Le Mans, Coulaines, Allonnes, Rouillon, La Fl\u00e8che, Le Grand Luc\u00e9, Champagn\u00e9, Fresnay sur Sarthe, Ste Jamme sur Sarthe, Chartre sur Loir, Yvr\u00e9 l&rsquo;Ev\u00eaque, Conlie, Mamers, Le Lude, Pruill\u00e9 le Ch\u00e9tif, Saint Saturnin, Beaumont\/Sarthe, Parign\u00e9 l&rsquo;Ev\u00eaque, Saint Calais, Bouloire, Bonn\u00e9table, Saint Gervais en Belin, T\u00e9loch\u00e9, Noyen-sur-Sarthe\n<p><strong>Orne (61)\u00a0<\/strong>: Val-au-Perche<\/p>\n<p><strong>Mayenne (53) :\u00a0<\/strong>Ch\u00e2teau-Gontier, Laval<\/p>\n<p><strong>Manche (50) :<\/strong>\u00a0St-Hilaire-du-Harcou\u00ebt,\u00a0Isigny-le-Buat,\u00a0Granville<\/p>\n<p><strong>Maine et Loire (49) :\u00a0<\/strong>Saint Barth\u00e9l\u00e9my d&rsquo;Anjou, Angers, Montreuil Juign\u00e9, Avrill\u00e9, Beaufort en Anjou, Bellevigne en Layon, Le Lion d&rsquo;Angers, Saumur<\/p>\n<p><strong>Indre-et-Loire (37) :<\/strong>\u00a0Tours<\/p>\n<p><strong>Ille et Vilaine (35)\u00a0<\/strong>: Rennes, Saint-M\u00e9en-le-Grand<\/p>\n<p><strong>Gironde (33) :\u00a0<\/strong>L\u00e8ge Cap Ferret, Blanquefort, Bordeaux, Saint M\u00e9dard en Jalles, Castelnau de M\u00e9doc, M\u00e9rignac<\/p>\n<strong>Calvados (14) :<\/strong>\u00a0Caen,\u00a0H\u00e9rouville<\/td>\n<\/tr>\n<\/tbody>\n<\/table>\n<\/td>\n<\/tr>\n<\/tbody>\n<\/table>\n<p>&nbsp;<\/p>\n<h3>\n\t\t\tLes \u00e9l\u00e8ves nous \u00e9crivent apr\u00e8s \u00ab\u00a0Tous les jours\u00a0\u00bb\t<\/h3>\n\t\t\t\t<img decoding=\"async\" src=\"https:\/\/groupedeja.com\/wp-content\/uploads\/2022\/03\/visuel-tlj-leguay-scaled.jpg\" alt=\"visuel tlj leguay\" itemprop=\"image\" height=\"336\" width=\"2560\" title=\"visuel tlj leguay\" onerror=\"this.style.display='none'\" loading=\"lazy\" \/>\n\t\t\t<a href=\"https:\/\/groupedeja.com\/index.php\/spectacles\/\" target=\"_self\">\n\t\t\t\t\t\t\tRetour page \u00ab\u00a0Spectacles\u00a0\u00bb\n\t\t\t\t\t<\/a>\n\n","protected":false},"excerpt":{"rendered":"<p>Tous les jours Tous les jours Proc\u00e8s du harc\u00e8lement scolaire pour 2 com\u00e9diens et 19 sweats \u00e0 capuche Et si nous pouvions juger le harc\u00e8lement scolaire dans un tribunal ? Imaginons un proc\u00e8s, historique, o\u00f9 le harc\u00e8lement scolaire, en personne, compara\u00eet devant ses victimes : les enfants, adolescents et adultes de diff\u00e9rents \u00e9tablissements scolaires. Cet&hellip;<\/p>\n","protected":false},"author":2,"featured_media":0,"parent":0,"menu_order":0,"comment_status":"closed","ping_status":"closed","template":"","meta":{"footnotes":""},"class_list":["post-2161","page","type-page","status-publish","hentry"],"_links":{"self":[{"href":"https:\/\/groupedeja.com\/index.php\/wp-json\/wp\/v2\/pages\/2161","targetHints":{"allow":["GET"]}}],"collection":[{"href":"https:\/\/groupedeja.com\/index.php\/wp-json\/wp\/v2\/pages"}],"about":[{"href":"https:\/\/groupedeja.com\/index.php\/wp-json\/wp\/v2\/types\/page"}],"author":[{"embeddable":true,"href":"https:\/\/groupedeja.com\/index.php\/wp-json\/wp\/v2\/users\/2"}],"replies":[{"embeddable":true,"href":"https:\/\/groupedeja.com\/index.php\/wp-json\/wp\/v2\/comments?post=2161"}],"version-history":[{"count":53,"href":"https:\/\/groupedeja.com\/index.php\/wp-json\/wp\/v2\/pages\/2161\/revisions"}],"predecessor-version":[{"id":3137,"href":"https:\/\/groupedeja.com\/index.php\/wp-json\/wp\/v2\/pages\/2161\/revisions\/3137"}],"wp:attachment":[{"href":"https:\/\/groupedeja.com\/index.php\/wp-json\/wp\/v2\/media?parent=2161"}],"curies":[{"name":"wp","href":"https:\/\/api.w.org\/{rel}","templated":true}]}}