{"id":24,"date":"2018-10-14T15:37:44","date_gmt":"2018-10-14T13:37:44","guid":{"rendered":"https:\/\/groupedeja.com\/?page_id=24"},"modified":"2023-03-08T17:12:01","modified_gmt":"2023-03-08T16:12:01","slug":"sur-mesure","status":"publish","type":"page","link":"https:\/\/groupedeja.com\/index.php\/sur-mesure\/","title":{"rendered":"Sur mesure"},"content":{"rendered":"\n<h1>\n\t\tCr\u00e9ations sur mesure\n\t<\/h1>\n<h2>\n\t\tCr\u00e9ations sp\u00e9cifiques sur demande\n\t<\/h2>\n\t<p><strong>Groupe D\u00e9j\u00e0 propose son savoir faire pour \u00e9crire et <\/strong><strong>mettre en sc\u00e8ne des projets th\u00e9\u00e2traux et vid\u00e9os sp\u00e9cifiques et sur mesure pour mettre en valeur vos \u00e9v\u00e9nements, vos messages, vos temps forts&#8230;<\/strong><\/p>\n<p>Nous mettons \u00e0 votre disposition notre exp\u00e9rience en mati\u00e8re de cr\u00e9ation de spectacles et interventions en espace public et priv\u00e9.<\/p>\n<p>Avec notre esprit et notre sensibilit\u00e9 nous construisons, \u00e9crivons, mettons en sc\u00e8ne et jouons des situations th\u00e9\u00e2trales originales cr\u00e9\u00e9es pour vous en prenant en comptes vos objectifs et vos attentes. Nous amenons de la l\u00e9g\u00e8ret\u00e9, des respirations dans vos temps forts et \u00e9v\u00e8nements. Que ce soit sur un plateau de th\u00e9\u00e2tre, dans une usine, une \u00e9cole, des bureaux, un champ ou dans une rue. Nous intervenons en solo, \u00e0 2, \u00e0 5, \u00e0 12, 58 ou davantage. Avec bienveillance, en s&rsquo;attachant \u00e0 toujours garder de la surprise, du d\u00e9calage, de l&rsquo;humour, de la tendresse, du sens et beaucoup d&rsquo;humanit\u00e9.<\/p>\n<hr \/>\n\n<h3>\n\t\tVoici quelques exemples de spectacles, interventions et vid\u00e9os sur mesure\n\t<\/h3>\n\t<p>Cliquez sur chaque image pour entrer et avoir plus d&rsquo;infos<\/p>\n\t\t\t\t<a href=\"https:\/\/groupedeja.com\/index.php\/visites-theatralisees\/\" target=\"_self\" itemprop=\"url\" rel=\"noopener\">\n\t\t\t\t<img loading=\"lazy\" decoding=\"async\" src=\"https:\/\/groupedeja.com\/wp-content\/uploads\/2019\/11\/Surmesure-GroupeDeja-visitetheatralises-sebastian-lazennec-image0bis.jpg\" alt=\"Th\u00e9\u00e2tre sur mesure-Groupe Deja-Visite theatralisees-Sebastian Lazennec\" itemprop=\"image\" height=\"500\" width=\"750\" title=\"Surmesure-GroupeDeja-visitetheatralises-sebastian-lazennec-image0bis\" onerror=\"this.style.display='none'\"  \/>\n\t\t\t\t<\/a>\n\t\t\t\t<a href=\"https:\/\/groupedeja.com\/index.php\/personnages-sur-mesure\/\" target=\"_self\" itemprop=\"url\" rel=\"noopener\">\n\t\t\t\t<img loading=\"lazy\" decoding=\"async\" src=\"https:\/\/groupedeja.com\/wp-content\/uploads\/2019\/11\/Surmesure-GroupeDeja-Nuit-des-chercheurs-sebastian-lazennec.jpg\" alt=\"Th\u00e9\u00e2tre sur mesure Groupe Dej\u00e0 Nuit des Chercheurs Sebastian Lazennec\" itemprop=\"image\" height=\"500\" width=\"750\" title=\"Surmesure-GroupeDeja-Nuit-des-chercheurs-sebastian-lazennec\" onerror=\"this.style.display='none'\"  \/>\n\t\t\t\t<\/a>\n\t\t\t\t<a href=\"https:\/\/groupedeja.com\/index.php\/deambulations-sur-mesure\/\" target=\"_self\" itemprop=\"url\" rel=\"noopener\">\n\t\t\t\t<img loading=\"lazy\" decoding=\"async\" src=\"https:\/\/groupedeja.com\/wp-content\/uploads\/2019\/11\/La-Horde-Rouge-Sebastian-Lazennec-Groupe-Deja-intervention-theatrale-sur-mesure.jpg\" alt=\"La Horde Rouge Sebastian Lazennec Groupe Deja intervention theatrale sur mesure\" itemprop=\"image\" height=\"500\" width=\"750\" title=\"La-Horde-Rouge--Sebastian-Lazennec-Groupe-Deja-intervention-theatrale-sur-mesure\" onerror=\"this.style.display='none'\"  \/>\n\t\t\t\t<\/a>\n\t\t\t\t<a href=\"https:\/\/groupedeja.com\/index.php\/videos-sur-mesure\/\" target=\"_self\" itemprop=\"url\" rel=\"noopener\">\n\t\t\t\t<img loading=\"lazy\" decoding=\"async\" src=\"https:\/\/groupedeja.com\/wp-content\/uploads\/2019\/11\/Surmesure-GroupeDeja-videos-sgen-cfdt-sebastian-lazennec-image5.jpg\" alt=\"SGEN CFDT - vid\u00e9os sur mesure - Groupe D\u00e9j\u00e0 - S\u00e9bastian Lazennec\" itemprop=\"image\" height=\"500\" width=\"750\" title=\"Surmesure-GroupeDeja-videos-sgen-cfdt-sebastian-lazennec-image5\" onerror=\"this.style.display='none'\"  \/>\n\t\t\t\t<\/a>\n\t<p><strong>Quelques collaborations et quelques id\u00e9es d&rsquo;interventions sur mesure :<\/strong><\/p>\n\t\t\t\t<img loading=\"lazy\" decoding=\"async\" src=\"https:\/\/groupedeja.com\/wp-content\/uploads\/2019\/06\/Groupe_Deja_theatre_invisible_le_mans-sebastian_lazennec.jpg\" alt=\"Groupe d\u00e9j\u00e0 Theatre invisible Le Mans S\u00e9bastian Lazennec\" itemprop=\"image\" height=\"507\" width=\"750\" title=\"Groupe_Deja_theatre_invisible_le_mans-sebastian_lazennec\" onerror=\"this.style.display='none'\"  \/>\n\t<p><strong>Th\u00e9\u00e2tre invisible sur mesure<\/strong><\/p>\n&#8211; <a href=\"ps:\/\/groupedeja.com\/index.php\/personnages-sur-mesure\/#son\">\u00ab\u00a0Cartographie sonore du campus du Mans\u00a0\u00bb <strong>Interventions de faux preneurs de son sur le campus<\/strong> pour<strong> Le Mans Sonore <\/strong>en 2022.<\/a> <strong><br \/>\n<\/strong>&#8211;<strong> Ouverture du Forum Petite enfance de la ville du Mans : <\/strong>\u00ab\u00a0Les enfants et les interdits&#8230; Qui commande ?\u00a0\u00bb au <strong>Palais des congr\u00e8s du Mans (72)<\/strong> en 2021<strong>. <\/strong>Intervention d&rsquo;un faux couple en salle qui se dispute \u00e0 propos de l&rsquo;\u00e9ducation des enfants.<strong><br \/>\n<\/strong>&#8211; <strong>Interventions de faux assistants familiaux <\/strong>au sein des<strong> journ\u00e9es professionnelles de l&rsquo;accueil familial <\/strong>organis\u00e9 par le<strong> D\u00e9partement de La Sarthe<\/strong> au Palais des Congr\u00e8s<strong> du Mans (72).<\/strong><br \/>\n&#8211; <a href=\"https:\/\/groupedeja.com\/personnages-sur-mesure\/#chercheur\">Interventions de <strong>faux chercheurs <\/strong>pour<strong> La nuit Europ\u00e9enne des chercheurs<\/strong> au Mans (72)<\/a><br \/>\n&#8211; <strong>Conf\u00e9rence d&rsquo;un faux intervenant<\/strong> pour un <strong>s\u00e9minaire de O2<\/strong> en Sarthe (72).<br \/>\n&#8211; <strong>Fausse \u00e9quipe TV<\/strong> pour la commune d&rsquo;Yvr\u00e9 l&rsquo;Ev\u00e8que et <strong>Aviva assurances<\/strong>. Le Mans (72)<br \/>\n&#8211; Faux pr\u00e9sentateur pour l&rsquo;ouverture du <strong>festival Premier Plan \u00e0 Angers<\/strong> (49)<br \/>\n&#8211; Arriv\u00e9e d&rsquo;un <strong>faux gardien de r\u00e9sidence <\/strong>pour <strong>Sarthe Habitat<\/strong> (72)<br \/>\n&#8211; <strong>Interventions en th\u00e9\u00e2tre invisible<\/strong> pour la<strong> Clinique du pr\u00e9<\/strong> au Mans (72) (Mars bleu) Fausse partie de p\u00e9tanque dans un centre commercial pour parler du d\u00e9pistage du cancer (photo ci-contre)\n\t<p><strong>Visite guid\u00e9e sur mesure<\/strong><\/p>\n<p><strong><a href=\"https:\/\/groupedeja.com\/visite-theatralisees\/#bois\">&#8211; Visite guid\u00e9e th\u00e9\u00e2tralis\u00e9e <\/a><\/strong>d&rsquo;un site int\u00e9rieur et ext\u00e9rieur avec <strong>50 com\u00e9diens<\/strong> pour les 30 ans du Centre St Christophe en 2018 puis \u00e0 nouveau une reprise et une r\u00e9-\u00e9criture pour l&rsquo;<strong>inauguration de l&rsquo;Espace Culturelle L&rsquo;Or\u00e9e du Bois<\/strong> en 2021 \u00e0 <strong>La Chapelle St Aubin <\/strong>(72)<\/p>\n<p><strong>&#8211; <a href=\"https:\/\/groupedeja.com\/index.php\/visites-theatralisees\/#train\">\u00ab\u00a0Sociologie approximative en petit train de nuit\u00a0\u00bb <\/a><\/strong>en 2021<strong> Visite guid\u00e9e th\u00e9\u00e2tralis\u00e9e en petit train pour La nuit Europ\u00e9ennes des Chercheur.e.s au Mans <\/strong>(72) avec <strong>20 com\u00e9diens<\/strong><\/p>\n<p><strong>&#8211; <a href=\"https:\/\/groupedeja.com\/index.php\/visites-theatralisees\/#mur\">\u00ab\u00a0A cot\u00e9 du mur\u00a0\u00bb <\/a><\/strong>en 2022\/23<strong> Carte blanche \u00e0 Groupe D\u00e9j\u00e0 par Les Mus\u00e9es du Mans. Visite guid\u00e9e th\u00e9\u00e2tralis\u00e9e <\/strong>de l&rsquo;exposition \u00ab\u00a0Au pied du mur\u00a0\u00bb au <strong>Mus\u00e9e Carr\u00e9 Plantagenet<\/strong> au Mans (72)<\/p>\n\t<p><strong>Th\u00e9\u00e2tre sur mesure<\/strong><\/p>\n&#8211; Interventions th\u00e9\u00e2trales pour <strong>L&rsquo;UFC \u00ab\u00a0Que Choisir\u00a0\u00bb <\/strong>sur <strong>l&rsquo;Enfant et la pub.<br \/>\n<\/strong>&#8211; Interventions th\u00e9\u00e2trales pour les <strong>60 ans du CJD (Centre des Jeunes Dirigeants d&rsquo;entreprise)<br \/>\n<\/strong>&#8211; Interventions th\u00e9\u00e2trales pour<strong> Assembl\u00e9e G\u00e9n\u00e9rale <\/strong>de <strong>Sarthe Habitat<\/strong>(72)\n\t<p><strong>Vid\u00e9os sur mesure<\/strong><\/p>\n&#8211; <a href=\"https:\/\/groupedeja.com\/index.php\/videos-sur-mesure\/\" target=\"_blank\" rel=\"noopener\">S\u00e9ries de vid\u00e9os pour la <strong>campagne electorale 2011, 2014 et 2018 du SGEN CFDT national<\/strong>.<\/a><br \/>\n-Vid\u00e9o pour les <strong>h\u00f4pitaux du Mans, Angers et Nantes<\/strong> pour une <strong>campagne de sensibilisation au troubles musculo-squelettiques li\u00e9s au travail <\/strong>(Photos ci-contre)<strong><br \/>\n<a href=\"https:\/\/groupedeja.com\/index.php\/videos-sur-mesure\/\" target=\"_blank\" rel=\"noopener\">&#8211; <\/a><\/strong>Vid\u00e9o pour la<strong> Clinique du pr\u00e9 <\/strong>au Mans (72) <strong>(Journ\u00e9e Europ\u00e9enne de l&rsquo;ob\u00e9sit\u00e9)<\/strong>\n\t\t\t\t<img loading=\"lazy\" decoding=\"async\" src=\"https:\/\/groupedeja.com\/wp-content\/uploads\/2019\/06\/Groupe_Deja_videos_sur_mesure_le_mans-sebastian_lazennec.jpg\" alt=\"Groupe D\u00e9j\u00e0 - Vid\u00e9os sur mesure - Le Mans-S\u00e9bastian Lazennec\" itemprop=\"image\" height=\"500\" width=\"750\" title=\"Groupe_Deja_videos_sur_mesure_le_mans-sebastian_lazennec\" onerror=\"this.style.display='none'\"  \/>\n\t<strong>Interventions en d\u00e9ambulations sur mesure<br \/>\n<\/strong>\n<p><strong>&#8211; <\/strong><a href=\"https:\/\/groupedeja.com\/deambulations-sur-mesure\/\">Direction et mise en sc\u00e8ne d&rsquo;une intervention de rue avec des com\u00e9diens amateurs <strong>\u00ab\u00a0La Horde Rouge\u00a0\u00bb <\/strong>pour le festival<strong> \u00ab\u00a0Les Accroche-coeurs\u00a0\u00bb <\/strong>\u00e0 Angers (49)<\/a><\/p>\n\t\t\t\t<img loading=\"lazy\" decoding=\"async\" src=\"https:\/\/groupedeja.com\/wp-content\/uploads\/2019\/06\/Groupe_Deja_theatre_invisible_le_mans-sebastian_lazennec_lemansfaitsoncirque.jpg\" alt=\"Groupe D\u00e9j\u00e0 - Mise en sc\u00e8ne et interventions th\u00e9\u00e2tre - S\u00e9bastian Lazennec\" itemprop=\"image\" height=\"491\" width=\"750\" title=\"Groupe_Deja_theatre_invisible_le_mans-sebastian_lazennec_lemansfaitsoncirque\" onerror=\"this.style.display='none'\"  \/>\n\t<p><strong>Mises en sc\u00e8ne sur mesure<\/strong><\/p>\n-Co-mise en sc\u00e8ne de l&rsquo;<strong>Ouverture du festival \u00ab\u00a0Les Accroche-coeurs\u00a0\u00bb <\/strong>2017\u00a0 \u00e0 Angers (49)<br \/>\n&#8211; Co-mise en sc\u00e8ne de la<strong> parade \u00ab\u00a0Le Mans fait son cirque\u00a0\u00bb <\/strong>en 2016 et 2018. Le Mans (72) (Photo ci-contre Parade LMFSC 2016)\n\t<p><strong>Et aussi<\/strong><\/p>\n&#8211; <strong>Monsieur Loyal<\/strong> sur mesure pour le festival <strong>\u00ab\u00a0Les Accroche-coeurs\u00a0\u00bb<\/strong> 2015 \u00e0 Angers (49)<br \/>\n&#8211; <strong>Monsieur Loyal<\/strong> sur mesure pour le festival <strong>\u00ab\u00a0Le Mans fait son cirque\u00a0\u00bb<\/strong> 2015 au Mans (72) (Photo ci-contre)\n\t\t\t\t<img loading=\"lazy\" decoding=\"async\" src=\"https:\/\/groupedeja.com\/wp-content\/uploads\/2019\/06\/Groupe-deja_theatre_sur_mesure.jpg\" alt=\"Groupe D\u00e9j\u00e0 - Mise en sc\u00e8ne et interventions th\u00e9\u00e2tre - S\u00e9bastian Lazennec\" itemprop=\"image\" height=\"487\" width=\"750\" title=\"Groupe-deja_theatre_sur_mesure\" onerror=\"this.style.display='none'\"  \/>\n\n","protected":false},"excerpt":{"rendered":"<p>Cr\u00e9ations sur mesure Cr\u00e9ations sp\u00e9cifiques sur demande Groupe D\u00e9j\u00e0 propose son savoir faire pour \u00e9crire et mettre en sc\u00e8ne des projets th\u00e9\u00e2traux et vid\u00e9os sp\u00e9cifiques et sur mesure pour mettre en valeur vos \u00e9v\u00e9nements, vos messages, vos temps forts&#8230; Nous mettons \u00e0 votre disposition notre exp\u00e9rience en mati\u00e8re de cr\u00e9ation de spectacles et interventions en&hellip;<\/p>\n","protected":false},"author":1,"featured_media":0,"parent":0,"menu_order":0,"comment_status":"closed","ping_status":"closed","template":"","meta":{"footnotes":""},"class_list":["post-24","page","type-page","status-publish","hentry"],"_links":{"self":[{"href":"https:\/\/groupedeja.com\/index.php\/wp-json\/wp\/v2\/pages\/24","targetHints":{"allow":["GET"]}}],"collection":[{"href":"https:\/\/groupedeja.com\/index.php\/wp-json\/wp\/v2\/pages"}],"about":[{"href":"https:\/\/groupedeja.com\/index.php\/wp-json\/wp\/v2\/types\/page"}],"author":[{"embeddable":true,"href":"https:\/\/groupedeja.com\/index.php\/wp-json\/wp\/v2\/users\/1"}],"replies":[{"embeddable":true,"href":"https:\/\/groupedeja.com\/index.php\/wp-json\/wp\/v2\/comments?post=24"}],"version-history":[{"count":49,"href":"https:\/\/groupedeja.com\/index.php\/wp-json\/wp\/v2\/pages\/24\/revisions"}],"predecessor-version":[{"id":2099,"href":"https:\/\/groupedeja.com\/index.php\/wp-json\/wp\/v2\/pages\/24\/revisions\/2099"}],"wp:attachment":[{"href":"https:\/\/groupedeja.com\/index.php\/wp-json\/wp\/v2\/media?parent=24"}],"curies":[{"name":"wp","href":"https:\/\/api.w.org\/{rel}","templated":true}]}}