{"id":30,"date":"2018-10-14T15:38:31","date_gmt":"2018-10-14T13:38:31","guid":{"rendered":"https:\/\/groupedeja.com\/?page_id=30"},"modified":"2025-10-30T12:54:10","modified_gmt":"2025-10-30T11:54:10","slug":"stages","status":"publish","type":"page","link":"https:\/\/groupedeja.com\/index.php\/stages\/","title":{"rendered":"Stages"},"content":{"rendered":"\n<h1>\n\t\t\tStages\t<\/h1>\n\t<p><strong>Petite pause ! Pour le moment pas de nouveau stage chez Groupe D\u00e9j\u00e0. <\/strong>On vous tiendra inform\u00e9s !<\/p>\n\t<p><strong>Les stages th\u00e9\u00e2tre en 2020 chez Groupe D\u00e9j\u00e0.<\/strong><\/p>\n\t\t\t\t<img decoding=\"async\" src=\"https:\/\/groupedeja.com\/wp-content\/uploads\/2020\/01\/stages-2020-groupe-deja-theatre.jpg\" alt=\"Groupe Deja Stages de th\u00e9\u00e2tre en 2020\" itemprop=\"image\" height=\"340\" width=\"340\" title=\"stages-2020-groupe-deja-theatre\" onerror=\"this.style.display='none'\" loading=\"lazy\" \/>\n\t\t\t\t<img decoding=\"async\" src=\"https:\/\/groupedeja.com\/wp-content\/plugins\/bb-plugin\/img\/pixel.png\" alt=\"\" itemprop=\"image\" onerror=\"this.style.display='none'\" loading=\"lazy\" \/>\n\t<p><strong>Offrez-vous un stage de jeu th\u00e9\u00e2tral propos\u00e9 par Groupe D\u00e9j\u00e0 au Mans.<\/strong><\/p>\n<p>Chaque ann\u00e9e : 3 Stages \/ 3 p\u00e9riodes \/ 3 intervenants<\/p>\n<p><strong>Ouverts \u00e0 tous, amateurs (ceux qui aiment) et curieux, d\u00e9butants et confirm\u00e9s.<\/strong><\/p>\n80 euros le stage de 2 jours \/ 12 heures &#8211; 190 euros le stage de 5 jours \/ 30 heures<br \/>\n(10h \u00e0 13h et 14h \u00e0 17h)\nRenseignements et inscriptions :<br \/>\n06 72 90 12 37. ecrire@groupedeja.com\n<p>Avec le soutien du Th\u00e9\u00e2tre de L&rsquo;Ecluse (Cie Pi\u00e8ces et Main d&rsquo;oeuvre) et de l&rsquo;Espace culturel Eve \/ Le Mans.<\/p>\n\t<strong>21 et 22 mars 2020 \/ Th\u00e9\u00e2tre du sous jeu <\/strong>\/ ANNULE CAUSE COVID 19<br \/>\nSous jouer est une fa\u00e7on d&rsquo;appara\u00eetre nonchalant sur sc\u00e8ne, d&rsquo;avoir le moins d&rsquo;\u00e9nergie possible pour incarner des rois, des reines, des amants tromp\u00e9s&#8230; Et pour atteindre ce cap, il faudra bien s\u00fbr passer par le surjeu voir l&rsquo;ultra surjeu. Nous \u00e9crirons donc des sc\u00e8nes ensemble et explorerons ces diff\u00e9rents modes de jeu sur le plateau.<br \/>\nIntervenant : <strong>Arnaud Aymard<\/strong> ( Com\u00e9dien, auteur, clown, performeur &#8211; Spectralex,<br \/>\nCie d&rsquo;Edouard Baer &#8230;)<br \/>\nLieu : <strong>Salle EVE<\/strong> &#8211; Le Mans\n\t\t\t\t<img decoding=\"async\" src=\"https:\/\/groupedeja.com\/wp-content\/uploads\/2019\/06\/arnaud-aymard-stage2015-Groupedeja.jpg\" alt=\"Groupe D\u00e9j\u00e0 \/ Arnaud Aymard \/ stage th\u00e9\u00e2tre 2020\" itemprop=\"image\" height=\"170\" width=\"173\" title=\"arnaud-aymard-stage2015-Groupedeja\" onerror=\"this.style.display='none'\" loading=\"lazy\" \/>\n\t\t\t\t<img decoding=\"async\" src=\"https:\/\/groupedeja.com\/wp-content\/uploads\/2020\/01\/Sebastian-Lazennec-Stage2020-Groupedeja-theatre-improvisation-1.jpg\" alt=\"Sebastian Lazenne Stage 2020 Groupe deja theatre improvisation\" itemprop=\"image\" height=\"172\" width=\"170\" title=\"Sebastian-Lazennec-Stage2020-Groupedeja-theatre-improvisation\" onerror=\"this.style.display='none'\" loading=\"lazy\" \/>\n\t<strong>25 et 26 avril 2020 \/ Improviser et jouer au pr\u00e9sent <\/strong>\/ ANNULE CAUSE COVID 19<br \/>\n\u00catre son propre auteur et jouer en partant de soi. Improviser avec le r\u00e9el. Laisser aller et l\u00e2cher prise. Seul, en duo ou \u00e0 plusieurs, sur l&rsquo;espace sc\u00e8nique comme terrain de jeu, \u00eatre libre de jouer vrai mais aussi faux&#8230; Bref, s&rsquo;amuser \u00e0 jouer au pr\u00e9sent pour mieux le distordre et se laisser aller \u00e0 ce qui vient, aussi idiot, cruel ou animal que ce soit.\nIntervenant : <strong>S\u00e9bastian Lazennec<\/strong> ( Metteur en sc\u00e8ne, auteur, com\u00e9dien &#8211; Groupe D\u00e9j\u00e0, Grand maximum&#8230;)<br \/>\nLieu : <strong>Th\u00e9\u00e2tre de l&rsquo;Ecluse<\/strong> &#8211; Le Mans\n\t<strong>27 au 31 octobre 2020 \/ Le corps des \u00e9motions (Clown organique) <\/strong>\/ ANNULE CAUSE COVID 19<br \/>\nLe clown r\u00e9cepteur, ultrasensoriel, go\u00fbteur et gourmand joue de tous ses sens. Jouisseur, il est donc jouissif. Le clown organique est \u00e9pidermique, reli\u00e9 \u00e0 tout son \u00eatre. A l&rsquo;\u00e9coute de son corps qui exprime des \u00e9motions intrins\u00e8ques. Un corps travers\u00e9, vibrant, dans l&rsquo;instinct, dans l&rsquo;instant. Les objectifs du stage seront de se relier \u00e0 soi m\u00eame. Reconqu\u00e9rir le go\u00fbt de l&rsquo;exploration (source de jeu). D\u00e9velopper la notion de plaisir et de jeu avec un corps g\u00e9n\u00e9rateur de vie. Vivre ici et maintenant sans censure. S&rsquo;ancrer.<br \/>\nIntervenant : <strong>Alain Bourderon<\/strong> ( Clown, com\u00e9dien, metteur en sc\u00e8ne &#8211; La Chouing &#8230;)<br \/>\nLieu : <strong>En attente<\/strong>&#8211; Le Mans ou alentours\n\t\t\t\t<img decoding=\"async\" src=\"https:\/\/groupedeja.com\/wp-content\/uploads\/2020\/01\/Alain-bourderon-Stage2020-Groupedeja-theatre.jpg\" alt=\"Alain Bourderon Stage 2020 Groupe deja theatre clown organique\" itemprop=\"image\" height=\"172\" width=\"170\" title=\"Alain bourderon - Stage2020-Groupedeja-theatre\" onerror=\"this.style.display='none'\" loading=\"lazy\" \/>\n\t<p><strong>Les pr\u00e9c\u00e9dents stages ont eux lieu en 2018<\/strong><\/p>\n\t\t\t\t<img decoding=\"async\" src=\"https:\/\/groupedeja.com\/wp-content\/uploads\/2019\/06\/Diane-Bonnot-Stage2018-Groupedeja.jpg\" alt=\"Groupe D\u00e9j\u00e0 \/ Diane Bonnot \/ Stage th\u00e9\u00e2tre\" itemprop=\"image\" height=\"170\" width=\"173\" title=\"Diane Bonnot -Stage2018-Groupedeja\" onerror=\"this.style.display='none'\" loading=\"lazy\" \/>\n\t<strong><em>17 et 18 mars 2018 \/ <\/em>Construire un personnage<br \/>\n<\/strong>Explorons le processus de cr\u00e9ation du personnage : Terre d&rsquo;aventures et de jeux ! Le personnage : Formidable v\u00e9hicule. D&rsquo;o\u00f9 sort-il ? De la cuisse comme Dyonisos, ou de la t\u00eate comme Ath\u00e9na ? Quels en sont les ferments, les principes actifs, la secr\u00e8te alchimie ? Comment on se laisse traverser, chevaucher, par cette \u00e9tonnante monture ?<br \/>\nComment cr\u00e9er les conditions qui vont lui permettre de s&rsquo;\u00e9panouir ?<br \/>\nIntervenante : <strong>Diane Bonnot<\/strong> ( Com\u00e9dienne, auteur, performeuse &#8211; Spectralex, Cie d&rsquo;Edouard Baer, ElianeS &#8230;)<br \/>\nLieu : <strong>Th\u00e9atre La Fonderie<\/strong> &#8211; Le Mans\n\t<strong><em>7 et 8 avril 2018 \/ <\/em><\/strong><strong>Improviser et jouer au pr\u00e9sent<br \/>\n<\/strong>\u00catre son propre auteur et jouer en partant de soi, ici et maintenant. Improviser avec le r\u00e9el. Laisser aller et lacher prise. Seul, en duo ou \u00e0 plusieurs, sur l&rsquo;espace sc\u00e8nique comme terrain de jeu, \u00eatre libre de jouer vrai mais aussi faux&#8230; Bref, s&rsquo;amuser \u00e0 jouer au pr\u00e9sent pour mieux le distordre et se laisser aller \u00e0 ce qui vient, aussi idiot, cruel ou animal que ce soit.<br \/>\nIntervenant : <strong>S\u00e9bastian Lazennec<\/strong> ( Metteur en sc\u00e8ne, com\u00e9dien, &#8211; Groupe D\u00e9j\u00e0, Grand maximum&#8230;)<br \/>\nLieu : <strong>Th\u00e9\u00e2tre de l&rsquo;Ecluse<\/strong> &#8211; Le Mans\n\t\t\t\t<img decoding=\"async\" src=\"https:\/\/groupedeja.com\/wp-content\/uploads\/2019\/06\/Sebastian-Lazennec-Stage2018-Groupedeja.jpg\" alt=\"Groupe D\u00e9j\u00e0 \/ S\u00e9bastian Lazennec \/ Stages et formations th\u00e9\u00e2tre\" itemprop=\"image\" height=\"170\" width=\"170\" title=\"Sebastian-Lazennec-Stage2018-Groupedeja\" onerror=\"this.style.display='none'\" loading=\"lazy\" \/>\n\t\t\t\t<img decoding=\"async\" src=\"https:\/\/groupedeja.com\/wp-content\/uploads\/2019\/06\/Alex-Pavlata-Stage2018-Groupedeja.jpg\" alt=\"Groupe D\u00e9j\u00e0 \/ Alex Pavlata \/ Stage\" itemprop=\"image\" height=\"170\" width=\"166\" title=\"Alex Pavlata - Stage2018-Groupedeja\" onerror=\"this.style.display='none'\" loading=\"lazy\" \/>\n\t<strong><em>14 et 15 avril 2018<\/em><em> \/ <\/em>Le clown et le \u00abbide\u00bb<br \/>\n<\/strong>D\u00e9couvrons, am\u00e9liorons, approfondissons, de nouvelles possibilit\u00e9s dans le jeu du clown mais \u00e9galement dans le travail du com\u00e9dien en jouant avec le \u00ab\u00a0bide\u00a0\u00bb clownesque. Ce moment fatidique o\u00f9 l&rsquo;on n&rsquo;arrive pas \u00e0 faire rire. Comment faire pour que cela devienne, non pas une d\u00e9faite mais au contraire, une victoire. Savoir rebondir, comprendre sa m\u00e9canique, proc\u00e9der \u00e0 son anatomie afin qu&rsquo;au final \u00ab\u00a0faire un bide\u00a0\u00bb devienne un plaisir !<br \/>\nIntervenant :<strong> Alex Pavlata<\/strong> ( Clown, Com\u00e9dien, metteur en sc\u00e8ne &#8211; Cie N\u00b08, Francky O&rsquo;Right, Le Rire M\u00e9decin&#8230;)<br \/>\nLieu : <strong>Studio Marie Lenfant<\/strong> &#8211; Le Mans\n\t<strong>Les stages th\u00e9\u00e2tre 2017 de Groupe D\u00e9j\u00e0<br \/>\n<\/strong>\n\t<p><strong>4 et 5 f\u00e9vrier 2017 \/ <\/strong><strong>Clown clown clown<\/strong><br \/>Deux jours pour d\u00e9couvrir le clown, pour rire et se faire rire&#8230; Deux jours c&rsquo;est peu\u00a0! Mais c&rsquo;est d\u00e9j\u00e0 beaucoup\u00a0! Pour commencer nous aborderons les grands principes de base du jeu clownesque\u00a0: jeu, rythme, tempo, \u00e9criture, contre temps &#8230; Il s&rsquo;agira d&rsquo;\u00e9laborer son vocabulaire propre et petit \u00e0 petit trouver des outils qui nous aiderons \u00e0 cr\u00e9er notre monde, notre galaxie et surement un jour notre univers\u00a0!<br \/>Intervenant\u00a0: <strong>Patrick De Valette<\/strong> (Clown &#8211; Les Chiche Capon &#8230;)<br \/>Lieu\u00a0: <strong>Maison de quartier Pierre Guedou<\/strong> &#8211; Le Mans<\/p>\n\t\t\t\t<img decoding=\"async\" src=\"https:\/\/groupedeja.com\/wp-content\/uploads\/2019\/06\/patrick-devalette-Stage2017-Groupe-Deja.jpg\" alt=\"Groupe D\u00e9j\u00e0 \/ Patrick de Valette \/ Stage Clown 2017\" itemprop=\"image\" height=\"170\" width=\"170\" title=\"patrick-devalette-Stage2017-Groupe Deja\" onerror=\"this.style.display='none'\" loading=\"lazy\" \/>\n\t\t\t\t<img decoding=\"async\" src=\"https:\/\/groupedeja.com\/wp-content\/uploads\/2019\/06\/Sebastian-Lazennec-Stage2018-Groupedeja.jpg\" alt=\"Groupe D\u00e9j\u00e0 \/ S\u00e9bastian Lazennec \/ Stages et formations th\u00e9\u00e2tre\" itemprop=\"image\" height=\"170\" width=\"170\" title=\"Sebastian-Lazennec-Stage2018-Groupedeja\" onerror=\"this.style.display='none'\" loading=\"lazy\" \/>\n\t<p><strong>25 et 26 f\u00e9vrier 2017 \/ <\/strong><strong>Improviser et jouer au pr\u00e9sent<\/strong><br \/>\u00catre son propre auteur et jouer en partant de soi, ici et maintenant. Improviser avec le r\u00e9el. Laisser aller et lacher prise. Seul, en duo ou \u00e0 plusieurs, sur l&rsquo;espace sc\u00e8nique comme terrain de jeu, \u00eatre libre de jouer vrai mais aussi faux&#8230; Bref, s&rsquo;amuser \u00e0 jouer au pr\u00e9sent pour mieux le distordre et se laisser aller \u00e0 ce qui vient, aussi idiot, cruel ou animal que ce soit.<br \/>Intervenant\u00a0: <strong>S\u00e9bastian Lazennec <\/strong> ( Metteur en sc\u00e8ne, com\u00e9dien &#8211; Groupe D\u00e9j\u00e0, Grand maximum&#8230;)<br \/>Lieu\u00a0: <strong>Espace culturel Eve<\/strong> &#8211; Le Mans<\/p>\n\t<p><strong>25 et 26 mars 2017 \/ <\/strong><strong>Th\u00e9\u00e2tre avec manipulations d&rsquo;objets<\/strong><br \/>Initiation \u00e0 la manipulation d&rsquo;objets. Au travers d&rsquo;improvisations, utilisons l&rsquo;objet comme prolongement de soi. Le rendre vivant, pour jouer et raconter, amusons nous\u00a0!<br \/>Intervenant\u00a0: <strong>Am\u00e9d\u00e9e Renoux<\/strong> ( Com\u00e9dien, metteur en sc\u00e8ne, auteur &#8211; Cie Th\u00e9 \u00e0 la Rue.)<br \/>Lieu\u00a0: <strong>Salle Claircigny<\/strong> &#8211; Le Mans<\/p>\n\t\t\t\t<img decoding=\"async\" src=\"https:\/\/groupedeja.com\/wp-content\/uploads\/2019\/06\/amedee-renoux-Stage2017-Groupe-Deja.jpg\" alt=\"Groupe D\u00e9j\u00e0 \/ Am\u00e9d\u00e9e Renoux \/ Stage th\u00e9\u00e2tre 2017\" itemprop=\"image\" height=\"170\" width=\"170\" title=\"amedee-renoux-Stage2017-Groupe Deja\" onerror=\"this.style.display='none'\" loading=\"lazy\" \/>\n\t<p><strong>Les stages th\u00e9\u00e2tre 2016 de Groupe D\u00e9j\u00e0<\/strong><\/p>\n\t<p><strong>26 et 28 mars 2016 \/ <\/strong><strong>Le clown vivant<\/strong><br \/>Travail sur les outils tels que le rythme et l&rsquo;improvisation comme mani\u00e8re d&rsquo;\u00e9crire en direct, les gammes d&rsquo;\u00e9tat et surtout la connerie comme \u00e9l\u00e9ment constituant et fondamental de la nature humaine. N&rsquo;oublions pas l&rsquo;instinct de survie qui est primordial s&rsquo;il s&rsquo;av\u00e8re que notre connerie n&rsquo;est pas universelle.<br \/>Intervenant\u00a0:<strong> Fred Blin <\/strong> (Clown, com\u00e9dien &#8211; Les Chiche Capon &#8230;)<br \/>Lieu\u00a0: <strong>Salle Le Royal &#8211; Le Mans <\/strong><\/p>\n\t\t\t\t<img decoding=\"async\" src=\"https:\/\/groupedeja.com\/wp-content\/uploads\/2019\/06\/Fred-Blin-Stage2016-Groupedeja.jpg\" alt=\"Groupe D\u00e9j\u00e0 \/ Fred Blin \/ Stage clown 2016\" itemprop=\"image\" height=\"171\" width=\"170\" title=\"Fred-Blin-Stage2016-Groupedeja\" onerror=\"this.style.display='none'\" loading=\"lazy\" \/>\n\t\t\t\t<img decoding=\"async\" src=\"https:\/\/groupedeja.com\/wp-content\/uploads\/2019\/06\/Sebastian-Lazennec-Stage2016-Groupedeja.jpg\" alt=\"Groupe D\u00e9j\u00e0 \/ S\u00e9bastian Lazennec \/ Stages et formations 2016 \/ Th\u00e9\u00e2tre\" itemprop=\"image\" height=\"170\" width=\"170\" title=\"Sebastian-Lazennec-Stage2016-Groupedeja\" onerror=\"this.style.display='none'\" loading=\"lazy\" \/>\n\t<p><strong>23 et 24 avril 2016 \/ <\/strong><strong>Th\u00e9\u00e2tre de rue &#8211; Jouer avec et dans l&rsquo;espace public<\/strong><br \/>Initiation \u00e0 l&rsquo;improvisation et \u00e0 la construction de situations et d&rsquo;images d\u00e9cal\u00e9es, en groupe, dans un contexte ext\u00e9rieur urbain. Apr\u00e8s un travail sur l&rsquo;\u00e9coute, nous utiliserons une technique de choeur (physique) afin de faire \u00e9merger des postures et des images in\u00e9dites et humoristiques. Le temps d&rsquo;un week end, prenez place au sein de ce groupe d&rsquo;interventions th\u00e9\u00e2trales \u00e9ph\u00e9m\u00e8re.<br \/>Intervenant\u00a0: <strong>S\u00e9bastian Lazennec<\/strong> ( Metteur en sc\u00e8ne, com\u00e9dien &#8211; Utopium th\u00e9\u00e2tre, Groupe D\u00e9j\u00e0, Grand maximum&#8230;)<br \/>Lieu\u00a0: <strong>Salle Georges Brassens &#8211; Le Mans<\/strong><\/p>\n\t<p><strong>14 et 15 mai 2016 \/ <\/strong><strong>Jouer la com\u00e9die face \u00e0 la cam\u00e9ra<\/strong><br \/>Approche de l&rsquo;interpr\u00e9tation d&rsquo;un r\u00f4le, apprivoiser la cam\u00e9ra, jouer pour elle et avec elle. On ne joue pas devant la cam\u00e9ra comme on joue au th\u00e9\u00e2tre. Prenez le temps d&rsquo;essayer, en passant tour \u00e0 tour devant et derri\u00e8re l&rsquo;objectif. S&rsquo;amuser, et apprendre comment se fait un tournage&#8230;<br \/>Intervenant\u00a0: <strong>Nicolas Boutruche<\/strong> ( Realisateur, photographe, com\u00e9dien \u00e0 Utopium th\u00e9\u00e2tre&#8230;)<br \/>Lieu\u00a0: <strong>Salle Le Royal &#8211; Le Mans<\/strong><\/p>\n\t\t\t\t<img decoding=\"async\" src=\"https:\/\/groupedeja.com\/wp-content\/uploads\/2019\/06\/Nicolas-Boutruche-Stage2016-Groupedeja.jpg\" alt=\"Groupe D\u00e9j\u00e0 \/ Nicolas Boutruche \/ stage jeu cam\u00e9ra 2016\" itemprop=\"image\" height=\"170\" width=\"170\" title=\"Nicolas-Boutruche-Stage2016-Groupedeja\" onerror=\"this.style.display='none'\" loading=\"lazy\" \/>\n\t<p><strong>Les stages th\u00e9\u00e2tre 2015 de Groupe D\u00e9j\u00e0<\/strong><\/p>\n\t\t\t\t<img decoding=\"async\" src=\"https:\/\/groupedeja.com\/wp-content\/uploads\/2019\/06\/arnaud-aymard-stage2015-Groupedeja.jpg\" alt=\"Groupe D\u00e9j\u00e0 \/ Arnaud Aymard \/ stage th\u00e9\u00e2tre 2020\" itemprop=\"image\" height=\"170\" width=\"173\" title=\"arnaud-aymard-stage2015-Groupedeja\" onerror=\"this.style.display='none'\" loading=\"lazy\" \/>\n\t<strong>21 et 22 f\u00e9vrier 2015<\/strong> \/ <strong>La v\u00e9rit\u00e9 est ailleurs, autant en inventer une autre&#8230; ou comment capturer son public avec des moyens d\u00e9risoires<\/strong><br \/>Stage d&rsquo;initiation \u00e0 l&rsquo;art de raconter des histoires, absurdes ou non \/ \u00c9criture \u00e0 la table ou en impro \/ Narration onirique et confession intime \/ Prise de parole en public \/ Travail sur la sinc\u00e9rit\u00e9 \/ Prise en compte des \u00e9l\u00e9ments perturbateurs comme points d&rsquo;appui. (Exemple\u00a0: Je suis Napol\u00e9on, en r\u00e9alit\u00e9 je ne suis pas mort, enfin si, mais je vais vous expliquer&#8230;)<br \/>\nIntervenant\u00a0: <strong>Arnaud Aymard<\/strong> (Paco, l&rsquo;Oiseau bleu, Spectralex&#8230;)<br \/>\nLieu : <strong>Espace culturel EVE<\/strong> &#8211; Le Mans\n\t<strong>28 et 29 mars 2015 \/ C&rsquo;est vrai ou c&rsquo;est faux\u00a0? Initiation au th\u00e9\u00e2tre invisible<\/strong><br \/>Construction de personnage, improvisation, \u00e9coute, prise en compte de l&rsquo;espace, observation et r\u00e9flexion, &#8230; L&rsquo;aboutissement du stage est d&rsquo;aborder le jeu r\u00e9aliste afin de brouiller les pistes entre le vrai et le faux. Jouer \u00e0 faire croire qu&rsquo;il s&rsquo;agit de la r\u00e9alit\u00e9&#8230; Aussi aberrante ou absurde soit elle&#8230;<br \/>\nIntervenant\u00a0: <strong>S\u00e9bastian Lazennec<\/strong> (Utopium th\u00e9\u00e2tre, Groupe D\u00e9j\u00e0, Grand maximum&#8230;)\n\t\t\t\t<img decoding=\"async\" src=\"https:\/\/groupedeja.com\/wp-content\/uploads\/2019\/06\/Sebastian-Lazennec-Stage2016-Groupedeja.jpg\" alt=\"Groupe D\u00e9j\u00e0 \/ S\u00e9bastian Lazennec \/ Stages et formations 2016 \/ Th\u00e9\u00e2tre\" itemprop=\"image\" height=\"170\" width=\"170\" title=\"Sebastian-Lazennec-Stage2016-Groupedeja\" onerror=\"this.style.display='none'\" loading=\"lazy\" \/>\n\t<p><strong>Les stages th\u00e9\u00e2tre 2014 de Groupe D\u00e9j\u00e0<\/strong><\/p>\n\t\t\t\t<img decoding=\"async\" src=\"https:\/\/groupedeja.com\/wp-content\/uploads\/2019\/06\/arnaud-aymard-stage2014-Groupedeja.jpg\" alt=\"Groupe D\u00e9j\u00e0 \/ Arnaud Aymard \/ Stage th\u00e9\u00e2tre 2014\" itemprop=\"image\" height=\"170\" width=\"109\" title=\"arnaud-aymard-stage2014-Groupedeja\" onerror=\"this.style.display='none'\" loading=\"lazy\" \/>\n\t<strong>21 et 22 f\u00e9vrier 2015<\/strong> \/ <strong>La v\u00e9rit\u00e9 est ailleurs, autant en inventer une autre&#8230; ou comment capturer son public avec des moyens d\u00e9risoires<\/strong><br \/>Stage d&rsquo;initiation \u00e0 l&rsquo;art de raconter des histoires, absurdes ou non \/ \u00c9criture \u00e0 la table ou en impro \/ Narration onirique et confession intime \/ Prise de parole en public \/ Travail sur la sinc\u00e9rit\u00e9 \/ Prise en compte des \u00e9l\u00e9ments perturbateurs comme points d&rsquo;appui. (Exemple\u00a0: Je suis Napol\u00e9on, en r\u00e9alit\u00e9 je ne suis pas mort, enfin si, mais je vais vous expliquer&#8230;)<br \/>\nIntervenant : <strong>Arnaud Aymard<\/strong> (Paco, l&rsquo;Oiseau bleu, Spectralex, Le Cabaret Philosophique, Cie d&rsquo;Edouard Baer&#8230;)<br \/>\nLieu : <strong>Th\u00e9\u00e2tre de l&rsquo;Ecluse<\/strong>\u00a0 &#8211; Le Mans\n\t<strong>15 et 16 mars 2014 \/ Intervenir en groupe dans l&rsquo;espace public sans utiliser la parole<br \/>\n<\/strong>Stage d&rsquo;initiation \u00e0 l&rsquo;art du choeur-action dans l&rsquo;espace public \/ Influence du groupe sur l&rsquo;individu et de l&rsquo;individu sur le groupe. \u00c0 chacun de trouver sa place, de la prendre ou de la laisser. \u00c0 chacun d&rsquo;\u00eatre \u00e0 l&rsquo;\u00e9coute de son\/ses partenaires pour provoquer l&rsquo;\u00e9mergence de formes th\u00e9\u00e2trales inou\u00efes et in\u00e9dites, d\u00e9cal\u00e9es et humoristiques.<br \/>\nIntervenant : <strong>S\u00e9bastian Lazennec<\/strong> (Groupe D\u00e9j\u00e0, Utopium th\u00e9\u00e2tre, Th\u00e9 \u00e0 la rue, Grand maximum&#8230;)<br \/>\nLieu : <strong>Maison de quartier Pierre Perret<\/strong>\u00a0 &#8211; Le Mans\n\t\t\t\t<img decoding=\"async\" src=\"https:\/\/groupedeja.com\/wp-content\/uploads\/2019\/06\/sebastian-lazennec-stage2014-Groupedeja.jpg\" alt=\"Groupe D\u00e9j\u00e0 \/ S\u00e9bastian Lazennec \/ Stage th\u00e9\u00e2tre 2014\" itemprop=\"image\" height=\"170\" width=\"106\" title=\"sebastian-lazennec-stage2014-Groupedeja\" onerror=\"this.style.display='none'\" loading=\"lazy\" \/>\n\t\t\t\t<img decoding=\"async\" src=\"https:\/\/groupedeja.com\/wp-content\/uploads\/2019\/06\/Stanislas-hilairet-stage2014-Groupedeja.jpg\" alt=\"Groupe D\u00e9j\u00e0 \/ Stanislas Hilairet \/ Stage th\u00e9\u00e2tre 2014\" itemprop=\"image\" height=\"170\" width=\"112\" title=\"Stanislas-hilairet-stage2014-Groupedeja\" onerror=\"this.style.display='none'\" loading=\"lazy\" \/>\n\t<strong>12 et 13 avril 2014 \/ Ecrire et jouer une visite guid\u00e9e d\u00e9tourn\u00e9e<br \/>\n<\/strong>Stage d&rsquo;initiation \u00e0 l&rsquo;art du d\u00e9tournement et de la parole. La visite guid\u00e9e est en soi un genre<br \/>\nincontournable, radical et frontal du th\u00e9\u00e2tre de rue. Apr\u00e8s avoir observ\u00e9 les d\u00e9tails d&rsquo;un lieu, il sera question d&rsquo;inventer l&rsquo;histoire de ce lieu et de la raconter sous forme de visite guid\u00e9e.<br \/>\nIntervenant : <strong>Stanislas Hilairet<\/strong> (Les contrevisites guid\u00e9es de J\u00e9r\u00f4me Poulain\/Cie Joseph K, La taverne M\u00fcnchausen\/Cie Femmes \u00e0 barbes&#8230;)<br \/>\nLieu : <strong>Studio Marie Lenfant<\/strong> &#8211; Le Mans\n\n","protected":false},"excerpt":{"rendered":"<p>Stages Petite pause ! Pour le moment pas de nouveau stage chez Groupe D\u00e9j\u00e0. On vous tiendra inform\u00e9s ! Les stages th\u00e9\u00e2tre en 2020 chez Groupe D\u00e9j\u00e0. Offrez-vous un stage de jeu th\u00e9\u00e2tral propos\u00e9 par Groupe D\u00e9j\u00e0 au Mans. Chaque ann\u00e9e : 3 Stages \/ 3 p\u00e9riodes \/ 3 intervenants Ouverts \u00e0 tous, amateurs (ceux&hellip;<\/p>\n","protected":false},"author":1,"featured_media":0,"parent":0,"menu_order":0,"comment_status":"closed","ping_status":"closed","template":"","meta":{"footnotes":""},"class_list":["post-30","page","type-page","status-publish","hentry"],"_links":{"self":[{"href":"https:\/\/groupedeja.com\/index.php\/wp-json\/wp\/v2\/pages\/30","targetHints":{"allow":["GET"]}}],"collection":[{"href":"https:\/\/groupedeja.com\/index.php\/wp-json\/wp\/v2\/pages"}],"about":[{"href":"https:\/\/groupedeja.com\/index.php\/wp-json\/wp\/v2\/types\/page"}],"author":[{"embeddable":true,"href":"https:\/\/groupedeja.com\/index.php\/wp-json\/wp\/v2\/users\/1"}],"replies":[{"embeddable":true,"href":"https:\/\/groupedeja.com\/index.php\/wp-json\/wp\/v2\/comments?post=30"}],"version-history":[{"count":12,"href":"https:\/\/groupedeja.com\/index.php\/wp-json\/wp\/v2\/pages\/30\/revisions"}],"predecessor-version":[{"id":3119,"href":"https:\/\/groupedeja.com\/index.php\/wp-json\/wp\/v2\/pages\/30\/revisions\/3119"}],"wp:attachment":[{"href":"https:\/\/groupedeja.com\/index.php\/wp-json\/wp\/v2\/media?parent=30"}],"curies":[{"name":"wp","href":"https:\/\/api.w.org\/{rel}","templated":true}]}}